x.
29
Let j(c) = -7*c + 38 + 8*c + 5*c. Let k be j(7). Suppose -s + 10 = t - k, -450 = -5*s + t. What are the prime factors of s?
2, 3, 5
Let b be (-8)/2 + (-8)/(40/(-45)). Suppose 4*t + h - 2925 = 0, -4*t = b*h - 3108 + 179. What are the prime factors of t?
17, 43
Let r(s) = -3*s**3 + s**2 - 4*s - 8. Let a(q) = 4*q**3 + 4*q + 8. Let u(m) = 4*a(m) + 5*r(m). Let v be u(-7). What are the prime factors of -3 + (-4 + v)/(-1)?
79
Suppose -4*v - 4 = -2*n, -5*n + 6 = -4*v - 4*n. Let b be (0 - (-1 + 1))/v. Suppose -2*c + 54 + 36 = b. List the prime factors of c.
3, 5
Let y = 15253 - -7324. List the prime factors of y.
107, 211
Let m = 5737 - 3631. What are the prime factors of m?
2, 3, 13
Suppose 1613 = -n + 3*v, -4*v - 1732 = n - 112. Let x = 2708 + n. List the prime factors of x.
2, 3, 7, 13
Let w = -47 - -67. Suppose 1710 = -17*r + w*r. What are the prime factors of r?
2, 3, 5, 19
Suppose 126000 = -14*h + 64*h. What are the prime factors of 285/12*h/75?
2, 3, 7, 19
Suppose -2*x - 2*x = -3*u - 36, -5*u + 36 = 4*x. Let d be 2595/x - (1 - 6/9). Suppose -y = -5*y + d. List the prime factors of y.
2, 3
Let y(g) = g**2 - 20*g + 56. Let j be y(17). Suppose 0 = j*t - 832 - 53. List the prime factors of t.
3, 59
Suppose 3*x - 32622 = -3*r, 11*r - 2*x + 10869 = 12*r. What are the prime factors of r?
11, 23, 43
Let p(l) = 2*l**3 - 60*l**2 + 451*l - 53. List the prime factors of p(27).
2, 5, 31
Suppose 983*t - 1424493 = 956*t. List the prime factors of t.
7, 7537
Suppose -4086 = -64*i + 73*i. Let a be (6/(-4))/((-5)/(-2380)). Let o = i - a. List the prime factors of o.
2, 5, 13
Suppose 0 = -4*i - 1 + 9. Suppose 0 = -3*h - q + 12 - i, -8 = -4*h + 4*q. Suppose 7*d - h*d - 139 = 3*r, -3*r + 9 = 0. What are the prime factors of d?
37
Let a(i) = i**2 + i. Let l(s) = 28*s**2 - 11*s + 1. Let y(n) = -6*a(n) + 2*l(n). What are the prime factors of y(2)?
2, 73
Suppose -8877 = -12*u + 8031. Let d = u + -828. What are the prime factors of d?
7, 83
What are the prime factors of (3520/(-280) - -13)*(1 - -36462)?
3, 5209
Let q be (-7496)/(-12)*21/14. Let o = q - 474. What are the prime factors of o?
463
Suppose -4*i = 4*j + 171 + 2433, 3*j - 3295 = 5*i. Let v = -299 - i. List the prime factors of v.
3, 7, 17
Suppose -d = -4*d + 3. Let n be (4564/(6 - 2))/d. Suppose 6*h = -223 + n. What are the prime factors of h?
3, 17
Suppose 2*x + 1 = g, 3 = 4*g - 9. Suppose -2*n = 4*t, -x = 7*t - 2*t + 2*n. List the prime factors of 3*t + -20*51/(-6).
167
Let o be 4/2*(-1188)/(-8). Suppose -267 - o = -4*d. Let g = 236 - d. What are the prime factors of g?
5, 19
Suppose 2*v + 0*v + 22 = 0. Suppose n + 30 = -5*f + 7, -2*n + 2*f = 34. Let h = v - n. List the prime factors of h.
7
Suppose -158 - 222 = -38*d. What are the prime factors of -2 - (-2)/4*(d + 1668)?
3, 31
Let f(r) = 141*r - 42. Let b be f(6). Suppose 5*k - b = k. What are the prime factors of k?
3, 67
Suppose 4*h - 70253 = b, -3*b - 368817 = -32*h + 11*h. What are the prime factors of h?
2, 3, 2927
Let m be 2/8 + 17*(-15)/(-20). Suppose -m = -n + k, -2*n - k = n - 27. Suppose 2*p + 336 = n*p. What are the prime factors of p?
2, 3, 7
Let j = 109 + -43. Let h = -57 + j. List the prime factors of (-2)/(-1) + 148 - 18/h.
2, 37
Suppose -15*k - 24 = -21*k. Suppose 0 = k*z + 7 + 21. Let h(d) = d**2 - 4*d + 14. What are the prime factors of h(z)?
7, 13
List the prime factors of 16692 + (-2*(27/(-6) - -6))/(-1).
3, 5, 7, 53
Suppose -108 + 1878 = -15*c. Suppose u = -4*r + 230, -3*u + 4*r + 741 = -r. Let x = c + u. List the prime factors of x.
2, 31
Let a(i) = 5*i**2 + 12*i - 328. List the prime factors of a(30).
2, 11, 103
Suppose -3*y + 176*y = -604372 + 3488455. What are the prime factors of y?
3, 5557
Suppose 0*a + 2*a + 25 = 5*c, -2*c = -4*a - 10. Suppose 4*p + 20 = 4*x - 4, c*p = 5. Suppose 3*t - x*t = -224. What are the prime factors of t?
2, 7
Suppose 312 = 2*o + 5*n, 0 = 7*o - 11*o - n + 624. Let l(c) = 27*c. Let d be l(-2). Let a = d + o. What are the prime factors of a?
2, 3, 17
Suppose 0 = 25*s - 450407 - 265 - 429603. What are the prime factors of s?
3, 11, 97
Suppose 5*j + 57787 = 4*g, 2*g - 28889 = -119*j + 120*j. List the prime factors of g.
11, 13, 101
Let o = -4177 - -12661. What are the prime factors of o?
2, 3, 7, 101
Let i(q) = -q**2 + 19*q - 46. Let p be i(15). Suppose l = -p*l + 1635. List the prime factors of l.
109
Let k = 997 + 16846. List the prime factors of k.
7, 2549
Let v be 437/115 - (-1)/5. Let d be (-4 + (-51)/(-6))*v. Let m = d + 24. What are the prime factors of m?
2, 3, 7
Let k(o) = -2*o**3 - 45*o**2 + 34*o + 76. List the prime factors of k(-29).
3, 13, 257
Suppose -3*x - 154 = -5*f + 123, -4*f - 2*x + 226 = 0. Let z(k) = 9*k + 8. Let j be z(4). Let g = f - j. What are the prime factors of g?
2, 3
Let m(w) = 7*w**3 - 6*w**2 + 53*w - 102. What are the prime factors of m(13)?
2, 3, 7, 89
Suppose -4*q = k - 59, 0 = 3*k - k + 2. Suppose -q*h = -0*h - 3735. List the prime factors of h.
3, 83
Suppose 2*g - 2529 - 3311 = -q, 4*g = 3*q - 17570. What are the prime factors of q?
2, 3, 5, 13
Let v(g) = 3*g**3 - g**2 - 10*g - 1. Let n be v(-4). Let r = n - -266. Suppose 0 = c - 30 - r. List the prime factors of c.
127
Let v(m) = m**3 - 2*m**2 + 11*m - 6. Let j be v(7). Suppose j = -l + 704. What are the prime factors of l?
2, 97
Let l(c) = c**2 - 14*c + 1. Let t be l(11). Let n = t - -37. Suppose n*b - 684 = -b. What are the prime factors of b?
2, 3, 19
Let t(h) = h**3 + 6*h**2 + 7*h + 9. Let m be t(-5). Let y be ((2 - m) + (-66)/18)*-12. Suppose -177 = -y*p + 247. What are the prime factors of p?
53
Let k(l) = l**2 - 2*l + 1. Let p be k(3). Suppose 227 = -4*q - 5*n, 57 = -p*q + 3*q - n. List the prime factors of q*(0 - (-9)/(-6)).
3, 29
Let n = 108 - 125. Let a(v) = -2*v**2 - 34*v - 5. Let q be a(n). Let f(l) = -6*l + 12. List the prime factors of f(q).
2, 3, 7
Suppose -3*b = -8*b - 5. Let j be -1 + (1*298 - (1 + b)). Let k = 472 - j. List the prime factors of k.
5, 7
Let c(u) = 9867*u**2 - 564*u + 564. What are the prime factors of c(1)?
3, 11, 13, 23
Let j(l) = -l**3 + 14*l**2 + l - 23. Let t be j(14). What are the prime factors of 83/3 + 6/t?
3
Let b(v) = -v**2 + 7*v - 9. Let p be b(-6). Let d = p + 89. Suppose -3*f - 2*f = 4*a - 941, -386 = -d*f - 4*a. What are the prime factors of f?
5, 37
Suppose -5*l + 37 = 4*q, 24*q = 22*q + 4*l + 12. Let m be (-340)/(-1)*(-3)/(-2). Suppose q*i = 3*i + m. List the prime factors of i.
2, 3, 17
Let c = -100 - -92. Let k(d) = 8*d**2 + 18*d - 14. What are the prime factors of k(c)?
2, 3, 59
Suppose -n = 4*y + 216 - 763, y = 2*n - 1085. Let z = n + -230. What are the prime factors of z?
313
Suppose -1579 - 4505 = -p + 5*x, -5*p = -x - 30324. List the prime factors of p.
2, 379
Let f(k) = 69*k - 20. Let n be f(4). Suppose 0 = -8*m - n - 160. Let a = 99 + m. What are the prime factors of a?
47
Let v(x) = -7*x**3 + 9*x**2 + 51*x + 13. List the prime factors of v(-9).
2, 2693
Suppose 22*w - 17*w - 30 = 0. Suppose -w*c + 3873 - 363 = 0. List the prime factors of c.
3, 5, 13
What are the prime factors of ((-68)/10 + -1)/(-17 + (-43428)/(-2555))?
3, 13, 73
List the prime factors of ((-90320)/(-160))/(3/96).
2, 1129
Suppose 2*s + 100 = 110. Suppose 5*p + 215 - 996 = -4*u, 5*p - 970 = -s*u. What are the prime factors of u?
3, 7
Suppose -4*g + 4*d - 11 - 73 = 0, 77 = -4*g - 3*d. Let t = 115 - g. List the prime factors of t.
3, 5
Let b(r) = -r**3 - 2*r**2 + 7*r + 1. Let c be b(-4). Suppose -z = -i + 9, -17 = 5*i + c*z - 112. List the prime factors of i.
2, 7
Let u(s) = -51*s + 27. Suppose 0 = 2*w + 4*p + 36, w + 3*p + 8 = -9. Let h = w - -17. List the prime factors of u(h).
2, 3, 5
Suppose -5*j - 68 = -78, j = 2*p - 4914. List the prime factors of p.
2, 1229
Let t(m) = 3*m**3 - 61*m**2 + 51*m - 621. What are the prime factors of t(27)?
2, 3, 71
Suppose -14*v + 60817 = 435. Suppose -16*x = -2951 - v. List the prime factors of x.
2, 227
Suppose 696094 = 14*y + 27108 - 273522. What are the prime factors of y?
2, 41, 821
Let k(t) = -390*t + 1754. What are the prime factors of k(-7)?
2, 19, 59
Let p = 117 - 113. Suppose 0 = -3*i + l + 798, p*l + 789 = 6*i - 3*i. What are the prime factors of i?
3, 89
Let z(l) = l**3 - 20*l**2 + l - 21. Let r be z(20). Let a(w) = -11*w - 5. Let k be a(r). Li